 - 5*q + 210. List the prime factors of q.
2, 3, 7
Let q be (-3 - -2)/(3/(-9)). Let f be q*8/(-30)*-5. Suppose 2*n - 30 = -3*l - 3, f*n + 9 = l. What are the prime factors of l?
3
Let p(s) = 0*s**3 + s**3 + 0*s**3 - s**2 - s - 3*s. Let n be p(-3). What are the prime factors of (n/20)/(6/(-20))?
2
Let t = -6 - 0. Let d = 8 + t. List the prime factors of d.
2
Suppose -5*t = -t - 36. Let v(y) = 3*y**2 - 2*y - 1. Let m be v(3). Let j = m - t. What are the prime factors of j?
11
Suppose o = h - 78, 6*h + 3*o - 240 = 3*h. List the prime factors of h.
79
List the prime factors of ((-40)/(-12))/5 + (-381)/(-9).
43
Suppose 5*r = 2*f + 150, 4*r - f - 114 = 9. List the prime factors of r.
2
Let z(m) = -m - 9. Let u be (-13)/2 + (-5)/10. Let d be z(u). List the prime factors of ((-6)/4)/(d/4).
3
Suppose 0 = -l + 5*l. Let p(i) = 10*i**2 - 1. Let q be p(1). Suppose 4*k + 1 - q = l. List the prime factors of k.
2
Suppose -4*x + 9 + 1 = 5*l, -2*x + 5*l - 10 = 0. Suppose -i = k - 31, 0 = -3*i - x*k + 3*k + 69. List the prime factors of i.
3
Let h(s) be the first derivative of s**3 + 3*s**2/2 - s + 1. List the prime factors of h(-3).
17
What are the prime factors of (1 + 4 + -4)/(2/282)?
3, 47
Suppose -5*x + 50 = -5*c, 2*c + 3*x - 46 = 7*c. Let y be c/4*(0 + -2). Let q = y - -8. What are the prime factors of q?
2, 3
Let t = -79 - -139. What are the prime factors of t?
2, 3, 5
Let h(g) = -g + 8. Let t be 4/(3/(9/3)). Suppose -t*x - v + 15 = 0, v = -4*v - 25. What are the prime factors of h(x)?
3
Let l = 4 - -20. List the prime factors of l.
2, 3
What are the prime factors of 3*-79*5/(-15)*1?
79
Let y = 121 - 9. List the prime factors of y.
2, 7
Let j(c) = 50*c - 15. List the prime factors of j(3).
3, 5
Let d(t) = -1 + 8*t**2 - 3 - 7*t**2. What are the prime factors of d(-4)?
2, 3
Let v(a) = a**3 + 5*a**2 + a + 3. Suppose 0*b + 3*b = -3*m - 3, -3*m + 17 = -2*b. What are the prime factors of v(b)?
3, 5
List the prime factors of (-1 + 137)*5*(-21)/(-35).
2, 3, 17
Let j = -8 - -11. What are the prime factors of (2 - j)*-15 - -1?
2
Suppose 2*g - 16 = -2*g. Suppose 170 = l + g*l. Suppose 3*f - 3 = -d, -3*d - d - f = -l. What are the prime factors of d?
3
Suppose 21 = 3*r - 3*q, 0 = -q - 0 + 2. Suppose 5*x + 15 = 5*m, 2*x - x - r = -2*m. Suppose 0*a = m*a - 40. What are the prime factors of a?
2, 5
Suppose -5*l + 4*a - 29 = -3, -10 = -l - 3*a. What are the prime factors of l/(3/3) - -4?
2
Let w = -179 + 254. List the prime factors of w.
3, 5
Let k be 2/(-4) + (-47)/2. List the prime factors of (2 + 8)*k/(-15).
2
Let b be ((-7)/((-7)/8))/2. Suppose -a = b*z - 53, -5*z - 2*a - 40 = -107. List the prime factors of z.
13
Let m = 10 + -11. Let i = 6 - m. List the prime factors of i.
7
Let v = -104 + 190. List the prime factors of v.
2, 43
What are the prime factors of ((-55)/22)/(2/(-28))?
5, 7
Let s(h) be the second derivative of h**4/12 - 4*h**3/3 + 2*h**2 + 2*h. Let l(d) = d - 1. Let f(t) = 2*l(t) - s(t). List the prime factors of f(8).
2, 5
Let x be 4/((-3)/(18/4)). Let a(i) = i**2 + 2. What are the prime factors of a(x)?
2, 19
Suppose r - 7 = 2*r. Let l = -12 - r. What are the prime factors of (-5 - 1)*(l + 3)?
2, 3
Let n(u) be the second derivative of -u**5/20 - u**4/3 - 5*u**3/6 - 4*u**2 - 4*u. List the prime factors of n(-4).
2, 3
Suppose 0 = 4*y - 5*w - 4, 2*y + 5*w + 10 = -18. Let v(u) = -u**2 + 9*u - 9. Let j be v(6). Let h = j + y. List the prime factors of h.
5
Let h = 73 + -2. List the prime factors of h.
71
Let r(k) = 2*k. Let s be r(-2). Let p = s + 16. What are the prime factors of p?
2, 3
Let j(w) = 3*w**2 - 3*w + 4. Let y be j(-4). Suppose 2*c + y = 2*f, 9*f - 3*c - 150 = 4*f. Let a = f + -17. List the prime factors of a.
2, 5
Let g = 5 - 10. Let z = 14 + -23. Let y = g - z. What are the prime factors of y?
2
Suppose 17*k - 28 = 15*k. List the prime factors of k.
2, 7
Suppose 5*i = d + 135, -4*i - i - 2*d = -120. List the prime factors of i.
2, 13
Let b be -8 + 7 - (1 - 2). Suppose b = 5*a + 5*p + 5 - 0, 2*a - 4*p - 16 = 0. What are the prime factors of a?
2
Let i = -126 + 346. What are the prime factors of i?
2, 5, 11
Suppose 0 = f - 3*f + 168. List the prime factors of f.
2, 3, 7
What are the prime factors of (-12)/(-9)*(-1215)/(-10)?
2, 3
Let z(b) = -6*b**3 + 4*b**2 + b + 2. Let l be z(-3). Suppose c + l = -227. List the prime factors of 4/18 + c/(-36).
2, 3
Let y(n) = 5*n**3 - 8*n**2 - n. Let b(a) = -5*a**3 + 7*a**2. Let k(w) = -4*b(w) - 3*y(w). What are the prime factors of k(2)?
2, 3, 5
Suppose -6*v + 323 = -1051. What are the prime factors of v?
229
Let p = -14 - -7. Let z(m) = 3 - 2 + 5 + 0*m**2 + 7*m**2 + m**3. What are the prime factors of z(p)?
2, 3
Let m(h) be the second derivative of -h**5/20 - 2*h**4/3 - 3*h**3/2 + 7*h. What are the prime factors of m(-7)?
2, 7
Let w(l) = l**3 - 10*l**2 + 8*l + 8. Let q be w(9). Let v(j) = 13*j. Let s be v(q). Let k = -7 - s. List the prime factors of k.
2, 3
Suppose 4*z + z = -585. What are the prime factors of z/(-5) + 10/(-25)?
23
Let x = 4 - 1. Suppose -2*m = -x*m + 21. What are the prime factors of m?
3, 7
Suppose -t = -5*u + 186, -2*u + 0*t + 70 = 4*t. List the prime factors of u.
37
Let p(l) = -l**2 - 17*l - 11. Let h(u) = -5*u**2 - 85*u - 54. Let a(m) = -2*h(m) + 11*p(m). List the prime factors of a(-13).
3, 13
Suppose d = 4*f - 121 - 97, 53 = f - d. What are the prime factors of f?
5, 11
Let r = 6 + -3. Suppose -r*u = u. What are the prime factors of (2 + u)/(2/11)?
11
Suppose 0 = -5*w + 7*w + 6. What are the prime factors of 100/8 - w/(-2)?
11
Let p = -65 - -108. List the prime factors of p.
43
Let j be 1 + (-1 + -1)*-23. Let i = -26 + j. What are the prime factors of i?
3, 7
Let c(t) = -t**2 - 7*t + 4. Let i be c(-7). Suppose -s - 3*b + 20 = 0, -i*b = -3*s + s + 30. What are the prime factors of s?
17
Let m(c) be the first derivative of -4*c**2 + 6*c - 2. Let z(g) = 7*g - 5. Let y(d) = 5*m(d) + 6*z(d). List the prime factors of y(6).
2, 3
Suppose 5*q - 4*q = 0. Suppose -4*j + 5 + 47 = q. List the prime factors of j.
13
Let i be -2*5*(-24)/15. Let g = i - 9. What are the prime factors of g?
7
Let a be ((-4)/5)/((-6)/15). Suppose 5*d - a*y + 202 = 0, -d + 7*y - 2*y - 22 = 0. Let r = -29 - d. List the prime factors of r.
13
Let u(a) = 4*a**2 - 6*a - 3. What are the prime factors of u(5)?
67
Suppose 7*g = 4*g - 5*q + 15, 2*g - 2*q = 10. Suppose -4*c - 160 = 2*h, 0 = c - 0*c + g*h + 58. List the prime factors of c/(-6) - 2/(-3).
7
Suppose -4*x = 2*d - 154, 0 = -5*d - 0*d - 4*x + 355. List the prime factors of d.
67
Let v(a) = -12*a. Let k be v(-3). Let d = 65 - k. List the prime factors of d.
29
Suppose -s - 2*m + 78 = 0, 0 = -0*s + s - m - 87. Suppose 0*n - s = -4*b - n, -3*n - 42 = -2*b. What are the prime factors of b?
3, 7
Suppose -12 = b - 0. What are the prime factors of (b/9)/((-2)/15)?
2, 5
Let p(z) = z + 62. Let u be p(0). Suppose -2*j + u = -0*j. List the prime factors of j.
31
Let w(m) = -m - 5. Let r(l) = l + 6. Let k(y) = -2*r(y) - 3*w(y). Let v be (2/(-4)*0)/(-1). List the prime factors of k(v).
3
Suppose -h = -0*h + 4*m - 17, -3*h - m = -73. What are the prime factors of h?
5
Let i(v) = 2*v**3 - v**2 - 3*v + 5. What are the prime factors of i(2)?
11
Let r = -94 + 160. List the prime factors of 70/22 + (-12)/r.
3
Suppose 0 = -3*b - 3*m + 12, 3*b + 2*b = -2*m + 35. What are the prime factors of b?
3
Let i(q) = q**3 + 2*q**2 - q. Let k be i(1). Suppose u + k*u - 30 = 0. List the prime factors of u.
2, 5
Let z(n) = n**2 + 4*n - 3. List the prime factors of z(-6).
3
Let t = 2 + 2. Let i be -3 + (t - (2 - 0)). What are the prime factors of (3 - i)/(8/20)?
2, 5
Suppose -2*z + z - 4*v + 11 = 0, v = z - 21. List the prime factors of z.
19
Let l(y) = -y + 7. What are the prime factors of l(3)?
2
Let t = 33 - 22. Let l(b) = 3*b - 14. What are the prime factors of l(t)?
19
Suppose 0 = -2*p - 1 + 5, -4*p = 4*l - 88. List the prime factors of l.
2, 5
Let f(o) = -o**2 + 25*o + 3. List the prime factors of f(15).
3, 17
Let g = -98 - -293. Suppose u = 6*u - g. What are the prime factors of u?
3, 13
Suppose 5*q + 3*j = 7, -2*q - 5*j - 2 = -1. Suppose -q*n - 54 = -5*n. What are the prime factors of n?
2, 3
Let h = 12 - 8. Suppose h*y = 14 + 50. List the prime factors of y.
2
Let n = -22 + 24. Suppose 